*y - 30 = -9*y. Let z be y/30 + (-48)/(-10). Suppose 0 = 2*u - 3*b - 62, 4*u - 3*u - z*b - 45 = 0. What is the tens digit of u?
2
Suppose -169 = -14*i + 13*i. Let o = i - 60. What is the units digit of o?
9
Let u = -36 - -40. What is the units digit of (-5 + u)*346/(-2)?
3
Suppose 1 + 5 = 3*r. Suppose -4*d - 18 - r = 0, 4*d + 22 = g. Suppose -p = -5*w + 18, -5*p - 2*w - g*w + 26 = 0. What is the units digit of p?
2
Suppose 0 = 3*l - 4*l + 41. Suppose 2*p + 10 = 0, 4*b + p + 6 = l. What is the tens digit of 376/b - 8/(-20)?
3
Let c = -110 - -660. Suppose 2*v - c = -3*v - o, -4*o = -3*v + 353. What is the units digit of v?
1
Suppose 4*n + d + 221 = -n, 0 = d + 1. Let i = -25 - n. Let k = i - 12. What is the units digit of k?
7
Let f(n) = -n**3 + 8*n**2 + n - 3. Let c be f(8). Suppose 0 = -3*z - 12 + 15. Suppose -z = c*t - 91. What is the tens digit of t?
1
Suppose -20*j + 3910 = -29550. What is the units digit of j?
3
Suppose -5*a - 3*o + 26638 - 2170 = 0, 2*o = -8. What is the hundreds digit of a?
8
Suppose 0 = -2*n + 3*j + 2832 + 2585, -2*j + 10794 = 4*n. What is the tens digit of n?
0
Let t(c) = -246*c - 3. What is the hundreds digit of t(-1)?
2
Let c(o) = -2*o**3 - o**2 - o + 444. What is the tens digit of c(0)?
4
Let r be (713 - -25) + 5/1. Let l = r - 512. What is the units digit of l?
1
Let v(u) = u + 3. Let x be v(3). Let k(i) be the second derivative of -i**5/20 + 7*i**4/12 - 5*i**3/6 + 4*i**2 + 3*i. What is the tens digit of k(x)?
1
Suppose -7 - 7 = 7*x. What is the units digit of 24/(-14) - x - (-780)/14?
6
Let d(s) = s**2 + 2*s + 3. Let c be d(-5). Suppose -11*m + 9*m - 10 = -2*n, -5*n = 3*m - 25. Suppose -2*h - c + 118 = m. What is the tens digit of h?
5
Suppose -x - 2840 = -4*v - 0*x, -3550 = -5*v - 5*x. What is the hundreds digit of v?
7
Let u(w) = 2*w**2 + 9*w - 1. Let l be u(6). Suppose -4*s + 4*i - 304 = 0, 4*s + 0*s + 298 = -2*i. Let h = s + l. What is the units digit of h?
0
Suppose -4*r + d = -3*r - 14, -5*d = -10. What is the units digit of ((-795)/20)/((-12)/r)?
3
Suppose 7*w - 4262 = 18572. What is the thousands digit of w?
3
Let r = 15 + -5. Let l = 1 + r. Suppose 24 + l = 5*y. What is the units digit of y?
7
Let d(r) = -r**3 - 4*r**2 + 4*r + 2. Let z be d(4). Let i = -65 - z. What is the tens digit of i?
4
Let v = 13 + -39. Let a = -24 - v. Let j(s) = s**3 - 2*s**2 + s + 2. What is the units digit of j(a)?
4
Let s(x) = 24*x + 40*x + 1 + 0. What is the tens digit of s(1)?
6
What is the hundreds digit of (-4)/(-56)*8894 + 2/(-7)?
6
Let z(s) = s**3 + 12*s**2 + 10*s + 12. Suppose 43*d - 39*d = -32. What is the units digit of z(d)?
8
Suppose 3*l - 2*m = 1307, 0*l = 4*l - m - 1741. What is the units digit of l?
5
Suppose 28 = 4*k - 48. Let s = -4 + k. Suppose u - 24 = -2*r + r, -5*r = -s. What is the units digit of u?
1
Let z = 15 - 18. Let i = z - -6. What is the units digit of i?
3
Let u = -7 - -16. Suppose 11*q - u*q = 32. Let t(r) = r**3 - 16*r**2 + 3*r - 16. What is the units digit of t(q)?
2
Let u(k) = 84*k - 54. Let t be u(8). What is the units digit of ((-8)/2 - t/6)*-1?
7
Let w = -224 + 283. What is the units digit of w?
9
Let h(f) be the second derivative of -f**5/20 - f**3/6 + 8*f**2 - 38*f. Suppose -6 = 5*p + s - 2, 3*s + 12 = -2*p. What is the units digit of h(p)?
6
Let z(b) = b**3 + 8*b**2 - 17*b + 12. What is the units digit of z(-8)?
8
Let q(v) = 35*v - 497. What is the units digit of q(48)?
3
Let i(k) be the second derivative of 7*k**5/10 + k**4/4 - k**3/2 + 2*k**2 - 13*k. What is the tens digit of i(2)?
2
Let p(x) = 4*x**3 - 18*x**2 + 19*x - 84. What is the units digit of p(10)?
6
Suppose 4*y - 2*y - 3 = 3*d, 2*y - 15 = -d. What is the units digit of 4/y*(-111)/(-2)?
7
Suppose -1916 = -5*m - 3*j, 3*m + 119 = -4*j + 1273. Suppose 0 = -5*n - 3*v + 547 - 88, -4*n + m = -5*v. What is the tens digit of n?
9
Suppose 0 = q - 5*p - 645, 13*q - 5*p + 2630 = 17*q. What is the units digit of q?
5
Let s = 18 + -163. Let z = s - -217. What is the units digit of z?
2
Let f(b) = -385*b - 5. What is the tens digit of f(-1)?
8
Let l(o) be the second derivative of -o**3/6 + o**2 - 10*o. Let z be l(8). Let f(q) = q**2 - q - 3. What is the tens digit of f(z)?
3
Let m(x) = -2*x + 15*x - x**3 - 9*x**2 - 3*x + 9. Let w be m(-10). Let c(v) = 2*v + 10. What is the units digit of c(w)?
8
Suppose 0 = -3*k - z + 472, -5*z = 6*k - k - 800. Suppose 0 = -0*d + 3*d - k. What is the tens digit of d?
5
Suppose -5*y + 2*y + 6 = 0. Suppose -5*f - 69 = -y*f. Let r = f + 49. What is the tens digit of r?
2
Suppose 8 = u - 5*u. Let o(d) = -2*d**2 + 4*d + 4. Let w(c) = -c**2 + 3*c + 3. Let g(q) = u*o(q) + 3*w(q). What is the units digit of g(0)?
1
Let f(s) = s**3 + 8*s**2 + 4*s + 7. Let j be f(-6). Suppose 215 - j = 8*o. What is the units digit of o?
0
Suppose -5*v + 3*j = -29, 5*j + 3 + 4 = -2*v. Suppose -v*q - 2*m = 4, -7 - 1 = -4*q + m. What is the units digit of q?
1
Let f(z) = -3*z - 2 - 5 + 2 - 4*z**3 - 2*z. What is the tens digit of f(-2)?
3
Let n(m) = -m**2 - 35*m + 40. What is the tens digit of n(-24)?
0
Suppose -161 = -3*t - 2*a, a - 232 = -4*t - 9. What is the units digit of t?
7
Let q = 312 - -486. What is the tens digit of q?
9
Suppose 4*t + 5*p - 5745 = 8*p, -3*t + 4295 = -5*p. What is the tens digit of t?
4
Suppose 2*a - 3*r - 15 = -0*r, -21 = -2*a + 5*r. Suppose a*v - 9*v = -1266. What is the tens digit of v?
1
Let t = 3 - -2. Let i = 53 - 49. Suppose -w - 2*w = t*f - 72, i*w + 5*f - 96 = 0. What is the tens digit of w?
2
What is the units digit of 1*303 + -4 + 6 + 0?
5
What is the hundreds digit of 1511 + -6 + -2 + 4?
5
Let l = 190 + 19. What is the units digit of l?
9
Suppose 127 = 17*q + 42. Suppose q*w = 3*w + 242. What is the hundreds digit of w?
1
Let f(g) be the first derivative of 47*g**2/2 + 2*g + 5. What is the units digit of f(1)?
9
Suppose 9 = -4*w - 3. Let z be w - (-5 + -2 + 4). Suppose 3*c = 4*r - 136, 2*c + 2*c = z. What is the units digit of r?
4
Suppose 3*l = 4*m - 5*m + 473, 0 = -l - 5*m + 181. What is the tens digit of l?
5
Suppose -4*m + 5588 = 4*w, -3*w + m + 4171 = -m. What is the tens digit of w?
9
Suppose -4*o = 5*o + 81. Let m(d) = -d**2 - 16*d - 9. What is the tens digit of m(o)?
5
Let f(k) = 4*k**2 + 28*k + 22. Suppose -v + 2*v + 11 = 0. What is the hundreds digit of f(v)?
1
Let m(g) = -g - 8. Let i be m(-12). Suppose k = -2*p - 8 - 2, 2*k + 2*p + 10 = 0. Suppose 4*o = 2*y + 8, 4*o = -i*y - k - 4. What is the units digit of o?
1
Suppose -2*a = -b - b + 54, -4*a + 66 = 2*b. Let n = 62 - b. What is the tens digit of n?
3
What is the units digit of (-200976)/(-304) - 6/57?
1
What is the units digit of (1/((-10)/205))/(1/(-6))?
3
Let x(o) = 2*o**2 + 7*o + 5. Let m be x(-5). Suppose 0*i = 2*a + 4*i + 24, m = -2*a - 2*i. Let d = -3 - a. What is the units digit of d?
5
Suppose -r - 4*a + 0*a = 12, -4*a = 16. What is the tens digit of ((-93)/r)/((-24)/64)?
6
Suppose 4*m - 2*m + 22 = 0. Let f = 16 + m. Suppose 2*p = -0*a - f*a + 132, p - 1 = 0. What is the tens digit of a?
2
Let n be 1*(8*2 - -2). Suppose 2*p - 8 = 2*w, 3*p - w = -0*w + n. Let q = 8 - p. What is the units digit of q?
1
Let k(m) = -2*m**2 - 3*m**2 + 3*m**2 + 10 + 4*m + 6*m**2. Let o(r) = -7*r**2 - 9*r - 19. Let u(a) = 5*k(a) + 3*o(a). What is the units digit of u(-5)?
3
Suppose 3*q - 4014 = 2787. What is the tens digit of q?
6
Let b(l) = -59*l. Let h be (-5)/(-10)*(0 - 2). What is the tens digit of b(h)?
5
What is the units digit of -4 + -1 - (-568 + 1)?
2
Suppose 4*v + 0*v - 944 = 0. Suppose 0 = -8*d - 76 + v. Suppose -s = -d - 7. What is the units digit of s?
7
Let j = 406 - 10. What is the units digit of j?
6
Let h(o) = 34*o - 137. Let t(j) = -11*j + 45. Let u(c) = -4*h(c) - 11*t(c). What is the hundreds digit of u(-7)?
1
Let b(i) = 118*i + 17. What is the hundreds digit of b(3)?
3
Suppose -68*o = -70*o - 92. Suppose 3*i = -p + 228, -5*i + 380 = -2*p - 2*p. Let w = i + o. What is the units digit of w?
0
What is the tens digit of (-138)/(-10)*(-800)/(-120)?
9
Suppose 2 = -2*u + 10. Suppose -4*y + 76 = 4*o, u*o = y + y - 38. Suppose -2*a = -a - y. What is the units digit of a?
9
What is the tens digit of 322*(2 - (-7 - -8))?
2
Suppose u - 3*f = 2*f + 1754, 4*u - 5*f = 6941. What is the tens digit of u?
2
Suppose 2*l - 4735 = -3*u, 0 = 4*l + 3